{"id":11359,"date":"2026-02-04T11:01:06","date_gmt":"2026-02-04T10:01:06","guid":{"rendered":"https:\/\/exilarte.org\/?page_id=11359"},"modified":"2026-02-04T11:01:08","modified_gmt":"2026-02-04T10:01:08","slug":"viktor-urbancic","status":"publish","type":"page","link":"https:\/\/exilarte.org\/en\/nachlaesse\/viktor-urbancic","title":{"rendered":"Viktor Urbancic"},"content":{"rendered":"\n<p>Vienna, 1903 \u2013 1958, Reykjav\u00edk<\/p>\n\n\n\n<p>Viktor Urbancic was an Austrian composer, conductor, and pedagogue whose career was decisively shaped by exile following the Nazi seizure of power. Born in Vienna, he studied musicology, composition, and conducting at the University of Vienna and the Vienna Music Academy (today\u2019s mdw), where he was formed by the traditions of late Romanticism and early twentieth-century modernism. During the 1920s and early 1930s he was active in Austrian musical life as a composer, critic, and teacher, and was associated with progressive musical and educational circles.<\/p>\n\n\n\n<p>In 1930 Urbancic was among the founders of the Reykjav\u00edk College of Music (T\u00f3nlistarsk\u00f3linn \u00ed Reykjav\u00edk), an institution that would become central to Icelandic musical life. Following the Anschluss in 1938, he was forced to flee Austria with his Jewish wife and settled permanently in Iceland, where he resumed his work at the College and became one of the most influential figures in the country\u2019s musical education. He taught composition and theory, conducted choirs and orchestras, and played a decisive role in shaping Iceland\u2019s professional music training. As a composer, Urbancic wrote orchestral, choral, chamber, and pedagogical works that combine Central European traditions with elements drawn from Icelandic musical culture. He remained in Iceland until his death in 1958, leaving a lasting legacy as a teacher, composer, and cultural mediator between Austria and Iceland.<\/p>\n","protected":false},"excerpt":{"rendered":"<p>Vienna, 1903 \u2013 1958, Reykjav\u00edk Viktor Urbancic was an Austrian composer, conductor, and pedagogue whose career was decisively shaped by exile following the Nazi seizure of power. Born in Vienna, he studied musicology, composition, and conducting at the University of Vienna and the Vienna Music Academy (today\u2019s mdw), where he was formed by the traditions<a class=\"excerpt-read-more\" href=\"https:\/\/exilarte.org\/en\/nachlaesse\/viktor-urbancic\" title=\"ReadViktor Urbancic\">&#8230; Read more &raquo;<\/a><\/p>\n","protected":false},"author":3,"featured_media":0,"parent":600,"menu_order":0,"comment_status":"closed","ping_status":"closed","template":"","meta":[],"yoast_head":"<!-- This site is optimized with the Yoast SEO plugin v18.3 - https:\/\/yoast.com\/wordpress\/plugins\/seo\/ -->\n<title>Viktor Urbancic - Exilarte<\/title>\n<meta name=\"robots\" content=\"index, follow, max-snippet:-1, max-image-preview:large, max-video-preview:-1\" \/>\n<link rel=\"canonical\" href=\"https:\/\/exilarte.org\/en\/nachlaesse\/viktor-urbancic\" \/>\n<meta property=\"og:locale\" content=\"en_US\" \/>\n<meta property=\"og:type\" content=\"article\" \/>\n<meta property=\"og:title\" content=\"Viktor Urbancic - Exilarte\" \/>\n<meta property=\"og:description\" content=\"Vienna, 1903 \u2013 1958, Reykjav\u00edk Viktor Urbancic was an Austrian composer, conductor, and pedagogue whose career was decisively shaped by exile following the Nazi seizure of power. Born in Vienna, he studied musicology, composition, and conducting at the University of Vienna and the Vienna Music Academy (today\u2019s mdw), where he was formed by the traditions... Read more &raquo;\" \/>\n<meta property=\"og:url\" content=\"https:\/\/exilarte.org\/en\/nachlaesse\/viktor-urbancic\" \/>\n<meta property=\"og:site_name\" content=\"Exilarte\" \/>\n<meta property=\"article:modified_time\" content=\"2026-02-04T10:01:08+00:00\" \/>\n<meta name=\"twitter:card\" content=\"summary_large_image\" \/>\n<meta name=\"twitter:label1\" content=\"Est. reading time\" \/>\n\t<meta name=\"twitter:data1\" content=\"2 minutes\" \/>\n<script type=\"application\/ld+json\" class=\"yoast-schema-graph\">{\"@context\":\"https:\/\/schema.org\",\"@graph\":[{\"@type\":\"Organization\",\"@id\":\"https:\/\/exilarte.org\/en#organization\",\"name\":\"Exilarte - Zentrum f\u00fcr verfolgte Musik\",\"url\":\"https:\/\/exilarte.org\/en\",\"sameAs\":[],\"logo\":{\"@type\":\"ImageObject\",\"@id\":\"https:\/\/exilarte.org\/en#logo\",\"inLanguage\":\"en-US\",\"url\":\"https:\/\/i1.wp.com\/exilarte.org\/wp-content\/uploads\/2021\/03\/exilarte_logo_2021_de.png?fit=574%2C574&ssl=1\",\"contentUrl\":\"https:\/\/i1.wp.com\/exilarte.org\/wp-content\/uploads\/2021\/03\/exilarte_logo_2021_de.png?fit=574%2C574&ssl=1\",\"width\":574,\"height\":574,\"caption\":\"Exilarte - Zentrum f\u00fcr verfolgte Musik\"},\"image\":{\"@id\":\"https:\/\/exilarte.org\/en#logo\"}},{\"@type\":\"WebSite\",\"@id\":\"https:\/\/exilarte.org\/en#website\",\"url\":\"https:\/\/exilarte.org\/en\",\"name\":\"Exilarte\",\"description\":\"Zentrum f\u00fcr verfolgte Musik\",\"publisher\":{\"@id\":\"https:\/\/exilarte.org\/en#organization\"},\"potentialAction\":[{\"@type\":\"SearchAction\",\"target\":{\"@type\":\"EntryPoint\",\"urlTemplate\":\"https:\/\/exilarte.org\/en?s={search_term_string}\"},\"query-input\":\"required name=search_term_string\"}],\"inLanguage\":\"en-US\"},{\"@type\":\"WebPage\",\"@id\":\"https:\/\/exilarte.org\/en\/nachlaesse\/viktor-urbancic#webpage\",\"url\":\"https:\/\/exilarte.org\/en\/nachlaesse\/viktor-urbancic\",\"name\":\"Viktor Urbancic - Exilarte\",\"isPartOf\":{\"@id\":\"https:\/\/exilarte.org\/en#website\"},\"datePublished\":\"2026-02-04T10:01:06+00:00\",\"dateModified\":\"2026-02-04T10:01:08+00:00\",\"breadcrumb\":{\"@id\":\"https:\/\/exilarte.org\/en\/nachlaesse\/viktor-urbancic#breadcrumb\"},\"inLanguage\":\"en-US\",\"potentialAction\":[{\"@type\":\"ReadAction\",\"target\":[\"https:\/\/exilarte.org\/en\/nachlaesse\/viktor-urbancic\"]}]},{\"@type\":\"BreadcrumbList\",\"@id\":\"https:\/\/exilarte.org\/en\/nachlaesse\/viktor-urbancic#breadcrumb\",\"itemListElement\":[{\"@type\":\"ListItem\",\"position\":1,\"name\":\"Startseite\",\"item\":\"https:\/\/exilarte.org\/en\"},{\"@type\":\"ListItem\",\"position\":2,\"name\":\"Estates\",\"item\":\"https:\/\/exilarte.org\/en\/nachlaesse\"},{\"@type\":\"ListItem\",\"position\":3,\"name\":\"Viktor Urbancic\"}]}]}<\/script>\n<!-- \/ Yoast SEO plugin. -->","yoast_head_json":{"title":"Viktor Urbancic - Exilarte","robots":{"index":"index","follow":"follow","max-snippet":"max-snippet:-1","max-image-preview":"max-image-preview:large","max-video-preview":"max-video-preview:-1"},"canonical":"https:\/\/exilarte.org\/en\/nachlaesse\/viktor-urbancic","og_locale":"en_US","og_type":"article","og_title":"Viktor Urbancic - Exilarte","og_description":"Vienna, 1903 \u2013 1958, Reykjav\u00edk Viktor Urbancic was an Austrian composer, conductor, and pedagogue whose career was decisively shaped by exile following the Nazi seizure of power. Born in Vienna, he studied musicology, composition, and conducting at the University of Vienna and the Vienna Music Academy (today\u2019s mdw), where he was formed by the traditions... Read more &raquo;","og_url":"https:\/\/exilarte.org\/en\/nachlaesse\/viktor-urbancic","og_site_name":"Exilarte","article_modified_time":"2026-02-04T10:01:08+00:00","twitter_card":"summary_large_image","twitter_misc":{"Est. reading time":"2 minutes"},"schema":{"@context":"https:\/\/schema.org","@graph":[{"@type":"Organization","@id":"https:\/\/exilarte.org\/en#organization","name":"Exilarte - Zentrum f\u00fcr verfolgte Musik","url":"https:\/\/exilarte.org\/en","sameAs":[],"logo":{"@type":"ImageObject","@id":"https:\/\/exilarte.org\/en#logo","inLanguage":"en-US","url":"https:\/\/i1.wp.com\/exilarte.org\/wp-content\/uploads\/2021\/03\/exilarte_logo_2021_de.png?fit=574%2C574&ssl=1","contentUrl":"https:\/\/i1.wp.com\/exilarte.org\/wp-content\/uploads\/2021\/03\/exilarte_logo_2021_de.png?fit=574%2C574&ssl=1","width":574,"height":574,"caption":"Exilarte - Zentrum f\u00fcr verfolgte Musik"},"image":{"@id":"https:\/\/exilarte.org\/en#logo"}},{"@type":"WebSite","@id":"https:\/\/exilarte.org\/en#website","url":"https:\/\/exilarte.org\/en","name":"Exilarte","description":"Zentrum f\u00fcr verfolgte Musik","publisher":{"@id":"https:\/\/exilarte.org\/en#organization"},"potentialAction":[{"@type":"SearchAction","target":{"@type":"EntryPoint","urlTemplate":"https:\/\/exilarte.org\/en?s={search_term_string}"},"query-input":"required name=search_term_string"}],"inLanguage":"en-US"},{"@type":"WebPage","@id":"https:\/\/exilarte.org\/en\/nachlaesse\/viktor-urbancic#webpage","url":"https:\/\/exilarte.org\/en\/nachlaesse\/viktor-urbancic","name":"Viktor Urbancic - Exilarte","isPartOf":{"@id":"https:\/\/exilarte.org\/en#website"},"datePublished":"2026-02-04T10:01:06+00:00","dateModified":"2026-02-04T10:01:08+00:00","breadcrumb":{"@id":"https:\/\/exilarte.org\/en\/nachlaesse\/viktor-urbancic#breadcrumb"},"inLanguage":"en-US","potentialAction":[{"@type":"ReadAction","target":["https:\/\/exilarte.org\/en\/nachlaesse\/viktor-urbancic"]}]},{"@type":"BreadcrumbList","@id":"https:\/\/exilarte.org\/en\/nachlaesse\/viktor-urbancic#breadcrumb","itemListElement":[{"@type":"ListItem","position":1,"name":"Startseite","item":"https:\/\/exilarte.org\/en"},{"@type":"ListItem","position":2,"name":"Estates","item":"https:\/\/exilarte.org\/en\/nachlaesse"},{"@type":"ListItem","position":3,"name":"Viktor Urbancic"}]}]}},"featured_image_src":null,"featured_image_src_square":null,"_links":{"self":[{"href":"https:\/\/exilarte.org\/en\/wp-json\/wp\/v2\/pages\/11359"}],"collection":[{"href":"https:\/\/exilarte.org\/en\/wp-json\/wp\/v2\/pages"}],"about":[{"href":"https:\/\/exilarte.org\/en\/wp-json\/wp\/v2\/types\/page"}],"author":[{"embeddable":true,"href":"https:\/\/exilarte.org\/en\/wp-json\/wp\/v2\/users\/3"}],"replies":[{"embeddable":true,"href":"https:\/\/exilarte.org\/en\/wp-json\/wp\/v2\/comments?post=11359"}],"version-history":[{"count":1,"href":"https:\/\/exilarte.org\/en\/wp-json\/wp\/v2\/pages\/11359\/revisions"}],"predecessor-version":[{"id":11360,"href":"https:\/\/exilarte.org\/en\/wp-json\/wp\/v2\/pages\/11359\/revisions\/11360"}],"up":[{"embeddable":true,"href":"https:\/\/exilarte.org\/en\/wp-json\/wp\/v2\/pages\/600"}],"wp:attachment":[{"href":"https:\/\/exilarte.org\/en\/wp-json\/wp\/v2\/media?parent=11359"}],"curies":[{"name":"wp","href":"https:\/\/api.w.org\/{rel}","templated":true}]}}

<p>Vienna, 1903 – 1958, Reykjavík</p>



<p>Viktor Urbancic was an Austrian composer, conductor, and pedagogue whose career was decisively shaped by exile following the Nazi seizure of power. Born in Vienna, he studied musicology, composition, and conducting at the University of Vienna and the Vienna Music Academy (today’s mdw), where he was formed by the traditions of late Romanticism and early twentieth-century modernism. During the 1920s and early 1930s he was active in Austrian musical life as a composer, critic, and teacher, and was associated with progressive musical and educational circles.</p>



<p>In 1930 Urbancic was among the founders of the Reykjavík College of Music (Tónlistarskólinn í Reykjavík), an institution that would become central to Icelandic musical life. Following the Anschluss in 1938, he was forced to flee Austria with his Jewish wife and settled permanently in Iceland, where he resumed his work at the College and became one of the most influential figures in the country’s musical education. He taught composition and theory, conducted choirs and orchestras, and played a decisive role in shaping Iceland’s professional music training. As a composer, Urbancic wrote orchestral, choral, chamber, and pedagogical works that combine Central European traditions with elements drawn from Icelandic musical culture. He remained in Iceland until his death in 1958, leaving a lasting legacy as a teacher, composer, and cultural mediator between Austria and Iceland.</p>

<p>Vienna, 1903 – 1958, Reykjavík Viktor Urbancic was an Austrian composer, conductor, and pedagogue whose career was decisively shaped by exile following the Nazi seizure of power. Born in Vienna, he studied musicology, composition, and conducting at the University of Vienna and the Vienna Music Academy (today’s mdw), where he was formed by the traditions<a class="excerpt-read-more" href="https://exilarte.org/en/nachlaesse/viktor-urbancic" title="ReadViktor Urbancic">&#8230; Read more &raquo;</a></p>

<!-- This site is optimized with the Yoast SEO plugin v18.3 - https://yoast.com/wordpress/plugins/seo/ -->
<title>Viktor Urbancic - Exilarte</title>
<meta name="robots" content="index, follow, max-snippet:-1, max-image-preview:large, max-video-preview:-1" />
<link rel="canonical" href="https://exilarte.org/en/nachlaesse/viktor-urbancic" />
<meta property="og:locale" content="en_US" />
<meta property="og:type" content="article" />
<meta property="og:title" content="Viktor Urbancic - Exilarte" />
<meta property="og:description" content="Vienna, 1903 – 1958, Reykjavík Viktor Urbancic was an Austrian composer, conductor, and pedagogue whose career was decisively shaped by exile following the Nazi seizure of power. Born in Vienna, he studied musicology, composition, and conducting at the University of Vienna and the Vienna Music Academy (today’s mdw), where he was formed by the traditions... Read more &raquo;" />
<meta property="og:url" content="https://exilarte.org/en/nachlaesse/viktor-urbancic" />
<meta property="og:site_name" content="Exilarte" />
<meta property="article:modified_time" content="2026-02-04T10:01:08+00:00" />
<meta name="twitter:card" content="summary_large_image" />
<meta name="twitter:label1" content="Est. reading time" />
	<meta name="twitter:data1" content="2 minutes" />
<script type="application/ld+json" class="yoast-schema-graph">{"@context":"https://schema.org","@graph":[{"@type":"Organization","@id":"https://exilarte.org/en#organization","name":"Exilarte - Zentrum für verfolgte Musik","url":"https://exilarte.org/en","sameAs":[],"logo":{"@type":"ImageObject","@id":"https://exilarte.org/en#logo","inLanguage":"en-US","url":"https://i1.wp.com/exilarte.org/wp-content/uploads/2021/03/exilarte_logo_2021_de.png?fit=574%2C574&ssl=1","contentUrl":"https://i1.wp.com/exilarte.org/wp-content/uploads/2021/03/exilarte_logo_2021_de.png?fit=574%2C574&ssl=1","width":574,"height":574,"caption":"Exilarte - Zentrum für verfolgte Musik"},"image":{"@id":"https://exilarte.org/en#logo"}},{"@type":"WebSite","@id":"https://exilarte.org/en#website","url":"https://exilarte.org/en","name":"Exilarte","description":"Zentrum für verfolgte Musik","publisher":{"@id":"https://exilarte.org/en#organization"},"potentialAction":[{"@type":"SearchAction","target":{"@type":"EntryPoint","urlTemplate":"https://exilarte.org/en?s={search_term_string}"},"query-input":"required name=search_term_string"}],"inLanguage":"en-US"},{"@type":"WebPage","@id":"https://exilarte.org/en/nachlaesse/viktor-urbancic#webpage","url":"https://exilarte.org/en/nachlaesse/viktor-urbancic","name":"Viktor Urbancic - Exilarte","isPartOf":{"@id":"https://exilarte.org/en#website"},"datePublished":"2026-02-04T10:01:06+00:00","dateModified":"2026-02-04T10:01:08+00:00","breadcrumb":{"@id":"https://exilarte.org/en/nachlaesse/viktor-urbancic#breadcrumb"},"inLanguage":"en-US","potentialAction":[{"@type":"ReadAction","target":["https://exilarte.org/en/nachlaesse/viktor-urbancic"]}]},{"@type":"BreadcrumbList","@id":"https://exilarte.org/en/nachlaesse/viktor-urbancic#breadcrumb","itemListElement":[{"@type":"ListItem","position":1,"name":"Startseite","item":"https://exilarte.org/en"},{"@type":"ListItem","position":2,"name":"Estates","item":"https://exilarte.org/en/nachlaesse"},{"@type":"ListItem","position":3,"name":"Viktor Urbancic"}]}]}</script>
<!-- / Yoast SEO plugin. -->

Vienna, 1903 – 1958, Reykjavík Viktor Urbancic was an Austrian composer, conductor, and pedagogue whose career was decisively shaped by exile following the Nazi seizure of power. Born in Vienna, he studied musicology, composition, and conducting at the University of Vienna and the Vienna Music Academy (today’s mdw), where he was formed by the traditions... Read more &raquo;

Exilarte - Zentrum für verfolgte Musik

Zentrum für verfolgte Musik
